se
Is 3494465173 composite?
True
Is 54403593011 a prime number?
False
Is 46260192157 prime?
True
Is 14968216937 a composite number?
False
Is 1718378521 composite?
False
Is 59199073 a composite number?
True
Is 24352958593 prime?
True
Is 328072307 a composite number?
True
Is 13342620713 prime?
True
Is 16604694969 a prime number?
False
Is 3098831 prime?
False
Is 10320851951 prime?
True
Is 2297663633 prime?
False
Is 314616319 a prime number?
True
Is 6402848911 a composite number?
False
Is 40940140547 prime?
True
Is 2676117607 a composite number?
True
Is 490108721 prime?
False
Is 191667481 a composite number?
False
Is 13993933103 composite?
True
Is 2573930911 prime?
True
Is 33919902707 a composite number?
True
Is 66036638435 a composite number?
True
Is 14266223 prime?
True
Is 29525715047 a prime number?
True
Is 1167313579 prime?
False
Is 3202972373 a prime number?
False
Is 1635463079 a prime number?
False
Is 1185888923 prime?
False
Is 1429957481 a composite number?
False
Is 1648441279 a composite number?
True
Is 38822527 composite?
True
Is 16526874589 a composite number?
False
Is 39990559631 a prime number?
False
Is 197429371 prime?
True
Is 15893933 a composite number?
True
Is 30496010869 a prime number?
True
Is 1004846729 prime?
False
Is 4282251641 a composite number?
True
Is 6353673923 prime?
True
Is 438535001 composite?
True
Is 3786560959 a prime number?
False
Is 1780072895 a composite number?
True
Is 243622523 prime?
True
Is 1306397129 prime?
True
Is 15959038499 prime?
False
Is 439952297 prime?
True
Is 7235578859 a prime number?
True
Is 1347733834 a composite number?
True
Is 5128272679 prime?
False
Is 20848928167 a composite number?
False
Is 34197801109 a composite number?
True
Is 144505897 a prime number?
True
Is 17319661123 a composite number?
True
Is 13214601409 a composite number?
False
Is 4340452627 composite?
True
Is 2035841567 composite?
True
Is 2693150411 a composite number?
True
Is 4974900835 composite?
True
Is 146264021 a prime number?
False
Is 8911216271 a prime number?
False
Is 451441587 prime?
False
Is 1607594306 prime?
False
Is 1870718143 prime?
False
Is 179109137 prime?
True
Is 39215673307 a composite number?
False
Is 57601223429 composite?
False
Is 1624739771 a composite number?
True
Is 250820491 composite?
True
Is 2408278129 a composite number?
True
Is 13474313833 a prime number?
True
Is 19101509237 composite?
True
Is 4536723559 a composite number?
False
Is 7234684229 a prime number?
True
Is 1042073741 composite?
False
Is 15575288483 prime?
False
Is 3455439049 a composite number?
False
Is 490517659 a prime number?
True
Is 1253476331 a prime number?
False
Is 271110761 prime?
False
Is 2023665139 prime?
True
Is 1039588939 composite?
True
Is 139996091 prime?
False
Is 7198795117 composite?
False
Is 450882919 a composite number?
False
Is 9054521069 prime?
False
Is 518601101 composite?
False
Is 22126141 a prime number?
True
Is 2495956493 a composite number?
True
Is 5015684279 a prime number?
False
Is 16045990474 a prime number?
False
Is 9797725883 prime?
False
Is 695735713 prime?
True
Is 3853780921 prime?
True
Is 7816809731 a prime number?
False
Is 86371393183 a composite number?
False
Is 65484229413 prime?
False
Is 213726547 composite?
False
Is 10484684053 a prime number?
False
Is 13657144651 composite?
False
Is 4559083937 a prime number?
True
Is 2604246691 a prime number?
False
Is 29479882129 composite?
False
Is 99854368247 prime?
True
Is 2526471181 composite?
True
Is 2120466599 composite?
False
Is 2208046697 a prime number?
True
Is 18393243521 a composite number?
False
Is 70624818101 a prime number?
False
Is 12707091601 composite?
True
Is 202026559981 prime?
False
Is 95475107435 a composite number?
True
Is 28327161559 composite?
True
Is 4188991787 a prime number?
False
Is 5899581607 a composite number?
True
Is 5487745831 a prime number?
True
Is 1340571381 a composite number?
True
Is 2510879803 a prime number?
True
Is 999038 a composite number?
True
Is 4320367187 prime?
False
Is 1213715933 composite?
True
Is 2329012319 a prime number?
True
Is 6267060131 prime?
True
Is 2084580791 prime?
True
Is 165006671 a prime number?
True
Is 2529985443 a composite number?
True
Is 13521987893 a composite number?
True
Is 14170082891 a composite number?
False
Is 2567895157 prime?
False
Is 159780923 composite?
True
Is 805535183 composite?
True
Is 88752679 a composite number?
False
Is 980502023 a prime number?
False
Is 66501334259 composite?
False
Is 12338273 a composite number?
False
Is 5546779373 a prime number?
False
Is 591883957 a prime number?
False
Is 28157699023 prime?
True
Is 679593401 prime?
False
Is 462532657 a prime number?
False
Is 2466202561 a composite number?
False
Is 6036809281 prime?
True
Is 1838352531 prime?
False
Is 715973507 a composite number?
False
Is 5644584703 a prime number?
False
Is 11326377641 a prime number?
False
Is 265375631 a composite number?
True
Is 3214625189 a composite number?
False
Is 3348008723 a composite number?
True
Is 110040504869 a composite number?
False
Is 57395824819 prime?
True
Is 38366427223 composite?
False
Is 39126277 composite?
False
Is 8310488687 composite?
False
Is 634795633 composite?
True
Is 4900877 composite?
False
Is 51736120643 prime?
False
Is 1843251239 prime?
True
Is 3281627 a composite number?
False
Is 1361438713 a prime number?
False
Is 49357960231 prime?
True
Is 8920685 a composite number?
True
Is 8788446035 a prime number?
False
Is 7753030547 composite?
True
Is 2512424459 composite?
False
Is 16225570979 prime?
True
Is 373246109 composite?
False
Is 3433366721 prime?
False
Is 1214894347 a composite number?
False
Is 1187320397 composite?
True
Is 5501442127 composite?
False
Is 40535304361 composite?
False
Is 151681787 prime?
True
Is 16454141357 prime?
True
Is 7752045086 prime?
False
Is 50952671767 composite?
True
Is 16187843827 a prime number?
False
Is 854196307 prime?
False
Is 116548301 composite?
False
Is 24322349 a prime number?
True
Is 2438163257 a composite number?
False
Is 24283807111 prime?
False
Is 72292387991 prime?
True
Is 113384071 composite?
False
Is 33166792985 prime?
False
Is 409428113 prime?
True
Is 283273898 composite?
True
Is 3625809097 prime?
False
Is 9500115263 a prime number?
False
Is 100099487 a composite number?
True
Is 54667438369 a composite number?
False
Is 2075225641 a composite number?
True
Is 71408000887 composite?
False
Is 13199541283 composite?
True
Is 5887237897 composite?
False
Is 18066291329 composite?
False
Is 4886468383 a prime number?
False
Is 2660158703 prime?
True
Is 3930170282 a composite number?
True
Is 1788032461 composite?
False
Is 68341193857 composite?
False
Is 18763416551 a prime number?
False
Is 13518736523 composite?
False
Is 198130853 prime?
True
Is 1936347041 composite?
False
Is 478438651 a prime number?
True
Is 8393961461 composite?
False
Is 4654078069 a composite number?
False
Is 17721946907 a prime number?
False
Is 40431637019 prime?
True
Is 54245101 a prime number?
True
Is 232185139 a prime number?
False
Is 310538681 composite?
False
Is 651240179 a composite number?
True
Is 2815379 a prime number?
False
Is 1292714807 composite?
False
Is 1869999766561 a prime number?
True
Is 56800481461 prime?
False
Is 8581715013 composite?
True
Is 3468548527 a prime number?
False
Is 11408758589 composite?
True
Is 230683213 prime?
True
Is 1569545643 composite?
True
Is 594598591 composite?
False
Is 120239116837 a composite number?
True
Is 46753907 composite?
True
Is 387011737 composite?
True
Is 1839540121 a prime number?
False
Is 527955067 a prime number?
True
Is 19170041179 a prime number?
True
Is 229687610417 a prime number?
True
Is 1684875161 a prime number?
True
Is 2029519697 a composite number?
True
Is 709780571 a prime number?
True
Is 26165376346 composite?
True
Is 21720272983 prime?
False
Is 4673460083 a prime number?
False
Is 68879813 a composite number?
True
Is 2791132061 prime?
False
Is 451486339 composite?
False
Is 9338408587 a prime number?
False
Is 3226169269 composite?
True
Is 22969844063 a composite number?
False
Is 45450625001 composite?
True
Is 21810370511 a composite number?
False
Is 168490287181 a composite number?
False
Is 250990486441 a composite number?
True
Is 379058109 prime?
False
Is 194474537 a prime number?
False
Is 6217325087 p